{"id":3849,"date":"2025-10-01T17:48:40","date_gmt":"2025-10-01T15:48:40","guid":{"rendered":"https:\/\/anioriteam.hu\/blog\/?page_id=3849"},"modified":"2025-10-01T21:12:07","modified_gmt":"2025-10-01T19:12:07","slug":"oriflame-etrend-kiegeszitok","status":"publish","type":"page","link":"https:\/\/anioriteam.hu\/blog\/oriflame-etrend-kiegeszitok\/","title":{"rendered":"Oriflame \u00e9trend-kieg\u00e9sz\u00edt\u0151k, fedezd fel a Wellosophy term\u00e9keket"},"content":{"rendered":"<p><strong>Oriflame \u00e9trend-kieg\u00e9sz\u00edt\u0151k<\/strong><\/p>\n<h2><strong><span style=\"color: #808080;\">Fedezd fel az Oriflame meg\u00fajult <em>\u00e9trend-kieg\u00e9sz\u00edt\u0151it:<\/em> A Wellosophy a Wellness by Oriflame hely\u00e9n. <\/span><\/strong><\/h2>\n<p style=\"text-align: justify;\">Az Oriflame \u00e9trend-kieg\u00e9sz\u00edt\u0151k ter\u00e9n nagy v\u00e1ltoz\u00e1s t\u00f6rt\u00e9nt 2023.\u00a0 szeptember\u00e9ben.\u00a0 A j\u00f3l ismert , 2009-ben bevezetett <strong><span style=\"color: #333333;\"><a style=\"color: #333333;\" href=\"https:\/\/anioriteam.hu\/blog\/wellnessbyoriflame\/\"><em>Wellness by Oriflame<\/em><\/a><\/span><\/strong> term\u00e9kcsal\u00e1dot felv\u00e1ltotta a tov\u00e1bbfejlesztett <strong>Wellosophy kollekci\u00f3<\/strong>, mely m\u00e1r nem csak vitamin k\u00e9sz\u00edtm\u00e9nyeket tartalmaz, hanem veg\u00e1n arc\u00e1pol\u00f3kat is.<\/p>\n<p><img loading=\"lazy\" decoding=\"async\" class=\"wp-image-3868 size-full aligncenter\" src=\"https:\/\/anioriteam.hu\/blog\/wp-content\/uploads\/2024\/08\/6.jpg\" alt=\"\" width=\"471\" height=\"126\" srcset=\"https:\/\/anioriteam.hu\/blog\/wp-content\/uploads\/2024\/08\/6.jpg 471w, https:\/\/anioriteam.hu\/blog\/wp-content\/uploads\/2024\/08\/6-300x80.jpg 300w\" sizes=\"auto, (max-width: 471px) 100vw, 471px\" \/><\/p>\n<p style=\"text-align: justify;\">B\u00e1r a n\u00e9v v\u00e1ltozott, a term\u00e9kek min\u0151s\u00e9ge \u00e9s a megszokott \u00f6sszetev\u0151k tov\u00e1bbra is garant\u00e1lj\u00e1k az eg\u00e9szs\u00e9ges \u00e9letm\u00f3d t\u00e1mogat\u00e1s\u00e1t. A Wellosophy ugyanazokat a term\u00e9szetes alapanyagokat \u00e9s tudom\u00e1nyos megk\u00f6zel\u00edt\u00e9seket alkalmazza, amelyek miatt kor\u00e1bban is b\u00edzt\u00e1l az Oriflame \u00e9trend-kieg\u00e9sz\u00edt\u0151kben.<\/p>\n<h2><strong><span style=\"color: #808080;\">Mi\u00e9rt v\u00e1laszd tov\u00e1bbra is az Oriflame \u00e9trend-kieg\u00e9sz\u00edt\u0151ket?<\/span><\/strong><\/h2>\n<p style=\"text-align: justify;\">A Wellosophy bevezet\u00e9s\u00e9vel az Oriflame nem csak a csomagol\u00e1son \u00faj\u00edtott, hanem az \u00e9trend-kieg\u00e9sz\u00edt\u0151k k\u00edn\u00e1lat\u00e1t is b\u0151v\u00edtette, hogy m\u00e9g jobban megfeleljenek a modern ig\u00e9nyeknek.<\/p>\n<figure id=\"attachment_3856\" aria-describedby=\"caption-attachment-3856\" style=\"width: 279px\" class=\"wp-caption aligncenter\"><img loading=\"lazy\" decoding=\"async\" class=\"wp-image-3856\" src=\"https:\/\/anioriteam.hu\/blog\/wp-content\/uploads\/2024\/08\/1-300x300.jpeg\" alt=\"Wellosophy \u00e9trend-kieg\u00e9sz\u00edt\u0151 vitaminok\" width=\"279\" height=\"279\" srcset=\"https:\/\/anioriteam.hu\/blog\/wp-content\/uploads\/2024\/08\/1-300x300.jpeg 300w, https:\/\/anioriteam.hu\/blog\/wp-content\/uploads\/2024\/08\/1-150x150.jpeg 150w, https:\/\/anioriteam.hu\/blog\/wp-content\/uploads\/2024\/08\/1-100x100.jpeg 100w, https:\/\/anioriteam.hu\/blog\/wp-content\/uploads\/2024\/08\/1.jpeg 400w\" sizes=\"auto, (max-width: 279px) 100vw, 279px\" \/><figcaption id=\"caption-attachment-3856\" class=\"wp-caption-text\">(K\u00e9p forr\u00e1sa: Oriflame sharing app)<\/figcaption><\/figure>\n<p style=\"text-align: justify;\">Az \u00faj Wellosophy term\u00e9kek ugyanazokat a t\u00e1pl\u00e1l\u00f3 \u00f6sszetev\u0151ket tartalmazz\u00e1k, amelyekkel m\u00e1r megismerkedt\u00e9l a Wellness by Oriflame k\u00edn\u00e1lat\u00e1ban. \u00cdgy b\u00e1tran folytathatod az eddig bev\u00e1lt term\u00e9kek haszn\u00e1lat\u00e1t. A kor\u00e1bbi kedvenceid most m\u00e9g jobb form\u00e1ban, modernebb csomagol\u00e1sban t\u00e9rtek vissza, \u00e9s az \u00faj\u00edt\u00e1soknak k\u00f6sz\u00f6nhet\u0151en m\u00e9g hat\u00e9konyabban t\u00e1mogatj\u00e1k az eg\u00e9szs\u00e9gedet.<\/p>\n<p style=\"text-align: justify;\">Nem kell att\u00f3l tartanod, hogy az \u00faj n\u00e9v alatt m\u00e1s term\u00e9keket tal\u00e1lsz \u2013 a Wellosophy az Oriflame hagyom\u00e1nyainak legjav\u00e1t hozza el sz\u00e1modra, tov\u00e1bbra is a term\u00e9szet \u00e9s a tudom\u00e1ny t\u00f6k\u00e9letes \u00f6tv\u00f6zet\u00e9vel.<\/p>\n<h2><span style=\"color: #808080;\"><strong>Ismerd meg a Wellosophy el\u0151nyeit!<\/strong><\/span><\/h2>\n<figure id=\"attachment_3857\" aria-describedby=\"caption-attachment-3857\" style=\"width: 300px\" class=\"wp-caption aligncenter\"><img loading=\"lazy\" decoding=\"async\" class=\"wp-image-3857 size-medium\" src=\"https:\/\/anioriteam.hu\/blog\/wp-content\/uploads\/2024\/08\/2-1-300x300.jpeg\" alt=\"\" width=\"300\" height=\"300\" srcset=\"https:\/\/anioriteam.hu\/blog\/wp-content\/uploads\/2024\/08\/2-1-300x300.jpeg 300w, https:\/\/anioriteam.hu\/blog\/wp-content\/uploads\/2024\/08\/2-1-150x150.jpeg 150w, https:\/\/anioriteam.hu\/blog\/wp-content\/uploads\/2024\/08\/2-1-100x100.jpeg 100w, https:\/\/anioriteam.hu\/blog\/wp-content\/uploads\/2024\/08\/2-1.jpeg 400w\" sizes=\"auto, (max-width: 300px) 100vw, 300px\" \/><figcaption id=\"caption-attachment-3857\" class=\"wp-caption-text\">(K\u00e9p forr\u00e1sa: Oriflame Sharing app)<\/figcaption><\/figure>\n<p style=\"text-align: justify;\">Az \u00faj Wellosophy term\u00e9kek c\u00e9lja, hogy egyszer\u0171, hat\u00e9kony \u00e9s term\u00e9szetes megold\u00e1sokat k\u00edn\u00e1ljanak az eg\u00e9szs\u00e9g meg\u0151rz\u00e9s\u00e9hez, ugyanakkor h\u0171en k\u00f6vetik a Wellness by Oriflame \u00e1ltal megteremtett ir\u00e1nyvonalat. Ak\u00e1r az immunrendszered er\u0151s\u00edt\u00e9s\u00e9re, ak\u00e1r sz\u00e9ps\u00e9g\u00e1pol\u00e1sra keresel kieg\u00e9sz\u00edt\u0151ket, a Wellosophy term\u00e9kcsal\u00e1d minden ig\u00e9nyedet kiel\u00e9g\u00edti.<\/p>\n<p style=\"text-align: left;\"><a style=\"background-color: #339966; color: white; padding: 10px 20px; text-decoration: none; font-weight: bold; border-radius: 5px;\" href=\"https:\/\/hu.oriflame.com\/brands\/wellosophy?store=HU-anioribeauty\" target=\"_blank\" rel=\"noopener\">Fedezd fel a Wellosophy term\u00e9keket<br \/>\n<\/a><\/p>\n<p>&nbsp;<\/p>\n<p><img loading=\"lazy\" decoding=\"async\" class=\"size-full wp-image-3841 alignleft\" src=\"https:\/\/anioriteam.hu\/blog\/wp-content\/uploads\/2024\/08\/wellosophy.jpg\" alt=\"Wellosophy \u00e9trendkieg\u00e9sz\u00edt\u0151 term\u00e9kek\" width=\"189\" height=\"197\" \/><\/p>\n<p>A <strong>Wellosophy term\u00e9k kalauz<\/strong>b\u00f3l pedig m\u00e9g t\u00f6bbet meg tudhatsz \u00e9s k\u00f6zvetlen ak\u00e1r rendelhetsz is:<\/p>\n<p><span style=\"color: #339966;\"><em>Katt ide:<\/em><\/span> \u21d2 <span style=\"color: #333333;\"><strong><a style=\"color: #333333;\" href=\"https:\/\/hu.oriflame.com\/catalogue?cataloguecode=Wellosophy%2F2024-wellosophy-guide-195&amp;PageNumber=1&amp;store=HU-anioribeauty\" target=\"_blank\" rel=\"noopener\">Wellosophy term\u00e9k katal\u00f3gus<\/a><\/strong><\/span><\/p>\n<p>&nbsp;<\/p>\n<p>&nbsp;<\/p>\n<hr \/>\n<p><strong>Kapcsol\u00f3d\u00f3 link:\u00a0 \u00a0\u21d2<\/strong>\u00a0 \u00a0 \u00a0<strong><em><a href=\"https:\/\/anioriteam.hu\/blog\/wellosophy\/\" target=\"_blank\" rel=\"noopener\">Ismerd meg a t\u00e1panyagokat r\u00e9szletesebben!<\/a><\/em><\/strong><\/p>\n","protected":false},"excerpt":{"rendered":"<p>Oriflame \u00e9trend-kieg\u00e9sz\u00edt\u0151k Fedezd fel az Oriflame meg\u00fajult \u00e9trend-kieg\u00e9sz\u00edt\u0151it: A Wellosophy a Wellness by Oriflame hely\u00e9n. Az Oriflame \u00e9trend-kieg\u00e9sz\u00edt\u0151k ter\u00e9n nagy v\u00e1ltoz\u00e1s t\u00f6rt\u00e9nt 2023.\u00a0 szeptember\u00e9ben.\u00a0 A j\u00f3l ismert , 2009-ben bevezetett Wellness by Oriflame term\u00e9kcsal\u00e1dot felv\u00e1ltotta a tov\u00e1bbfejlesztett Wellosophy kollekci\u00f3, mely m\u00e1r nem csak vitamin k\u00e9sz\u00edtm\u00e9nyeket tartalmaz, hanem veg\u00e1n arc\u00e1pol\u00f3kat is. B\u00e1r a n\u00e9v v\u00e1ltozott, a &hellip; <\/p>\n<p class=\"link-more\"><a href=\"https:\/\/anioriteam.hu\/blog\/oriflame-etrend-kiegeszitok\/\" class=\"more-link\"><span class=\"screen-reader-text\">&#8222;Oriflame \u00e9trend-kieg\u00e9sz\u00edt\u0151k, fedezd fel a Wellosophy term\u00e9keket&#8221;<\/span> b\u0151vebben<\/a><\/p>\n","protected":false},"author":1,"featured_media":0,"parent":0,"menu_order":0,"comment_status":"closed","ping_status":"closed","template":"","meta":{"footnotes":""},"class_list":["post-3849","page","type-page","status-publish","hentry"],"yoast_head":"<!-- This site is optimized with the Yoast SEO plugin v27.4 - https:\/\/yoast.com\/product\/yoast-seo-wordpress\/ -->\n<title>Oriflame \u00e9trend-kieg\u00e9sz\u00edt\u0151k, fedezd fel a Wellosophy term\u00e9keket<\/title>\n<meta name=\"description\" content=\"Oriflame \u00e9trend-kieg\u00e9sz\u00edt\u0151k: a j\u00f3l ismert Wellness by Oriflame term\u00e9keket felv\u00e1ltotta a Wellosophy term\u00e9kcsal\u00e1d.\" \/>\n<meta name=\"robots\" content=\"index, follow, max-snippet:-1, max-image-preview:large, max-video-preview:-1\" \/>\n<link rel=\"canonical\" href=\"https:\/\/anioriteam.hu\/blog\/oriflame-etrend-kiegeszitok\/\" \/>\n<meta property=\"og:locale\" content=\"hu_HU\" \/>\n<meta property=\"og:type\" content=\"article\" \/>\n<meta property=\"og:title\" content=\"Oriflame \u00e9trend-kieg\u00e9sz\u00edt\u0151k, fedezd fel a Wellosophy term\u00e9keket\" \/>\n<meta property=\"og:description\" content=\"Oriflame \u00e9trend-kieg\u00e9sz\u00edt\u0151k: a j\u00f3l ismert Wellness by Oriflame term\u00e9keket felv\u00e1ltotta a Wellosophy term\u00e9kcsal\u00e1d.\" \/>\n<meta property=\"og:url\" content=\"https:\/\/anioriteam.hu\/blog\/oriflame-etrend-kiegeszitok\/\" \/>\n<meta property=\"og:site_name\" content=\"Oriflame Blog - anioriteam.hu - sz\u00e9ps\u00e9g, inspir\u00e1ci\u00f3 \u00e9s tan\u00e1csok\" \/>\n<meta property=\"article:publisher\" content=\"https:\/\/facebook.com\/aniori\" \/>\n<meta property=\"article:modified_time\" content=\"2025-10-01T19:12:07+00:00\" \/>\n<meta property=\"og:image\" content=\"https:\/\/anioriteam.hu\/blog\/wp-content\/uploads\/2024\/08\/6.jpg\" \/>\n\t<meta property=\"og:image:width\" content=\"471\" \/>\n\t<meta property=\"og:image:height\" content=\"126\" \/>\n\t<meta property=\"og:image:type\" content=\"image\/jpeg\" \/>\n<meta name=\"twitter:card\" content=\"summary_large_image\" \/>\n<meta name=\"twitter:label1\" content=\"Becs\u00fclt olvas\u00e1si id\u0151\" \/>\n\t<meta name=\"twitter:data1\" content=\"3 perc\" \/>\n<script type=\"application\/ld+json\" class=\"yoast-schema-graph\">{\"@context\":\"https:\\\/\\\/schema.org\",\"@graph\":[{\"@type\":\"WebPage\",\"@id\":\"https:\\\/\\\/anioriteam.hu\\\/blog\\\/oriflame-etrend-kiegeszitok\\\/\",\"url\":\"https:\\\/\\\/anioriteam.hu\\\/blog\\\/oriflame-etrend-kiegeszitok\\\/\",\"name\":\"Oriflame \u00e9trend-kieg\u00e9sz\u00edt\u0151k, fedezd fel a Wellosophy term\u00e9keket\",\"isPartOf\":{\"@id\":\"https:\\\/\\\/anioriteam.hu\\\/blog\\\/#website\"},\"primaryImageOfPage\":{\"@id\":\"https:\\\/\\\/anioriteam.hu\\\/blog\\\/oriflame-etrend-kiegeszitok\\\/#primaryimage\"},\"image\":{\"@id\":\"https:\\\/\\\/anioriteam.hu\\\/blog\\\/oriflame-etrend-kiegeszitok\\\/#primaryimage\"},\"thumbnailUrl\":\"https:\\\/\\\/anioriteam.hu\\\/blog\\\/wp-content\\\/uploads\\\/2024\\\/08\\\/6.jpg\",\"datePublished\":\"2025-10-01T15:48:40+00:00\",\"dateModified\":\"2025-10-01T19:12:07+00:00\",\"description\":\"Oriflame \u00e9trend-kieg\u00e9sz\u00edt\u0151k: a j\u00f3l ismert Wellness by Oriflame term\u00e9keket felv\u00e1ltotta a Wellosophy term\u00e9kcsal\u00e1d.\",\"breadcrumb\":{\"@id\":\"https:\\\/\\\/anioriteam.hu\\\/blog\\\/oriflame-etrend-kiegeszitok\\\/#breadcrumb\"},\"inLanguage\":\"hu\",\"potentialAction\":[{\"@type\":\"ReadAction\",\"target\":[\"https:\\\/\\\/anioriteam.hu\\\/blog\\\/oriflame-etrend-kiegeszitok\\\/\"]}]},{\"@type\":\"ImageObject\",\"inLanguage\":\"hu\",\"@id\":\"https:\\\/\\\/anioriteam.hu\\\/blog\\\/oriflame-etrend-kiegeszitok\\\/#primaryimage\",\"url\":\"https:\\\/\\\/anioriteam.hu\\\/blog\\\/wp-content\\\/uploads\\\/2024\\\/08\\\/6.jpg\",\"contentUrl\":\"https:\\\/\\\/anioriteam.hu\\\/blog\\\/wp-content\\\/uploads\\\/2024\\\/08\\\/6.jpg\",\"width\":471,\"height\":126},{\"@type\":\"BreadcrumbList\",\"@id\":\"https:\\\/\\\/anioriteam.hu\\\/blog\\\/oriflame-etrend-kiegeszitok\\\/#breadcrumb\",\"itemListElement\":[{\"@type\":\"ListItem\",\"position\":1,\"name\":\"Home\",\"item\":\"https:\\\/\\\/anioriteam.hu\\\/blog\\\/\"},{\"@type\":\"ListItem\",\"position\":2,\"name\":\"Oriflame \u00e9trend-kieg\u00e9sz\u00edt\u0151k, fedezd fel a Wellosophy term\u00e9keket\"}]},{\"@type\":\"WebSite\",\"@id\":\"https:\\\/\\\/anioriteam.hu\\\/blog\\\/#website\",\"url\":\"https:\\\/\\\/anioriteam.hu\\\/blog\\\/\",\"name\":\"Oriflame Blog\",\"description\":\"Fedezd fel az Aniori Team Oriflame blogj\u00e1t! Sz\u00e9ps\u00e9gtippek, term\u00e9kaj\u00e1nl\u00f3k, \u00fajdons\u00e1gok \u00e9s hasznos tan\u00e1csok az Oriflame vil\u00e1g\u00e1b\u00f3l - hiteles forr\u00e1sb\u00f3l  naprak\u00e9szen.\",\"publisher\":{\"@id\":\"https:\\\/\\\/anioriteam.hu\\\/blog\\\/#organization\"},\"potentialAction\":[{\"@type\":\"SearchAction\",\"target\":{\"@type\":\"EntryPoint\",\"urlTemplate\":\"https:\\\/\\\/anioriteam.hu\\\/blog\\\/?s={search_term_string}\"},\"query-input\":{\"@type\":\"PropertyValueSpecification\",\"valueRequired\":true,\"valueName\":\"search_term_string\"}}],\"inLanguage\":\"hu\"},{\"@type\":\"Organization\",\"@id\":\"https:\\\/\\\/anioriteam.hu\\\/blog\\\/#organization\",\"name\":\"Aniori Team\",\"url\":\"https:\\\/\\\/anioriteam.hu\\\/blog\\\/\",\"logo\":{\"@type\":\"ImageObject\",\"inLanguage\":\"hu\",\"@id\":\"https:\\\/\\\/anioriteam.hu\\\/blog\\\/#\\\/schema\\\/logo\\\/image\\\/\",\"url\":\"https:\\\/\\\/anioriteam.hu\\\/blog\\\/wp-content\\\/uploads\\\/2017\\\/12\\\/logo.png\",\"contentUrl\":\"https:\\\/\\\/anioriteam.hu\\\/blog\\\/wp-content\\\/uploads\\\/2017\\\/12\\\/logo.png\",\"width\":205,\"height\":100,\"caption\":\"Aniori Team\"},\"image\":{\"@id\":\"https:\\\/\\\/anioriteam.hu\\\/blog\\\/#\\\/schema\\\/logo\\\/image\\\/\"},\"sameAs\":[\"https:\\\/\\\/facebook.com\\\/aniori\",\"https:\\\/\\\/instagram.com\\\/anioribeauty\",\"https:\\\/\\\/pinterest.com\\\/anioribeauty\"]}]}<\/script>\n<!-- \/ Yoast SEO plugin. -->","yoast_head_json":{"title":"Oriflame \u00e9trend-kieg\u00e9sz\u00edt\u0151k, fedezd fel a Wellosophy term\u00e9keket","description":"Oriflame \u00e9trend-kieg\u00e9sz\u00edt\u0151k: a j\u00f3l ismert Wellness by Oriflame term\u00e9keket felv\u00e1ltotta a Wellosophy term\u00e9kcsal\u00e1d.","robots":{"index":"index","follow":"follow","max-snippet":"max-snippet:-1","max-image-preview":"max-image-preview:large","max-video-preview":"max-video-preview:-1"},"canonical":"https:\/\/anioriteam.hu\/blog\/oriflame-etrend-kiegeszitok\/","og_locale":"hu_HU","og_type":"article","og_title":"Oriflame \u00e9trend-kieg\u00e9sz\u00edt\u0151k, fedezd fel a Wellosophy term\u00e9keket","og_description":"Oriflame \u00e9trend-kieg\u00e9sz\u00edt\u0151k: a j\u00f3l ismert Wellness by Oriflame term\u00e9keket felv\u00e1ltotta a Wellosophy term\u00e9kcsal\u00e1d.","og_url":"https:\/\/anioriteam.hu\/blog\/oriflame-etrend-kiegeszitok\/","og_site_name":"Oriflame Blog - anioriteam.hu - sz\u00e9ps\u00e9g, inspir\u00e1ci\u00f3 \u00e9s tan\u00e1csok","article_publisher":"https:\/\/facebook.com\/aniori","article_modified_time":"2025-10-01T19:12:07+00:00","og_image":[{"width":471,"height":126,"url":"https:\/\/anioriteam.hu\/blog\/wp-content\/uploads\/2024\/08\/6.jpg","type":"image\/jpeg"}],"twitter_card":"summary_large_image","twitter_misc":{"Becs\u00fclt olvas\u00e1si id\u0151":"3 perc"},"schema":{"@context":"https:\/\/schema.org","@graph":[{"@type":"WebPage","@id":"https:\/\/anioriteam.hu\/blog\/oriflame-etrend-kiegeszitok\/","url":"https:\/\/anioriteam.hu\/blog\/oriflame-etrend-kiegeszitok\/","name":"Oriflame \u00e9trend-kieg\u00e9sz\u00edt\u0151k, fedezd fel a Wellosophy term\u00e9keket","isPartOf":{"@id":"https:\/\/anioriteam.hu\/blog\/#website"},"primaryImageOfPage":{"@id":"https:\/\/anioriteam.hu\/blog\/oriflame-etrend-kiegeszitok\/#primaryimage"},"image":{"@id":"https:\/\/anioriteam.hu\/blog\/oriflame-etrend-kiegeszitok\/#primaryimage"},"thumbnailUrl":"https:\/\/anioriteam.hu\/blog\/wp-content\/uploads\/2024\/08\/6.jpg","datePublished":"2025-10-01T15:48:40+00:00","dateModified":"2025-10-01T19:12:07+00:00","description":"Oriflame \u00e9trend-kieg\u00e9sz\u00edt\u0151k: a j\u00f3l ismert Wellness by Oriflame term\u00e9keket felv\u00e1ltotta a Wellosophy term\u00e9kcsal\u00e1d.","breadcrumb":{"@id":"https:\/\/anioriteam.hu\/blog\/oriflame-etrend-kiegeszitok\/#breadcrumb"},"inLanguage":"hu","potentialAction":[{"@type":"ReadAction","target":["https:\/\/anioriteam.hu\/blog\/oriflame-etrend-kiegeszitok\/"]}]},{"@type":"ImageObject","inLanguage":"hu","@id":"https:\/\/anioriteam.hu\/blog\/oriflame-etrend-kiegeszitok\/#primaryimage","url":"https:\/\/anioriteam.hu\/blog\/wp-content\/uploads\/2024\/08\/6.jpg","contentUrl":"https:\/\/anioriteam.hu\/blog\/wp-content\/uploads\/2024\/08\/6.jpg","width":471,"height":126},{"@type":"BreadcrumbList","@id":"https:\/\/anioriteam.hu\/blog\/oriflame-etrend-kiegeszitok\/#breadcrumb","itemListElement":[{"@type":"ListItem","position":1,"name":"Home","item":"https:\/\/anioriteam.hu\/blog\/"},{"@type":"ListItem","position":2,"name":"Oriflame \u00e9trend-kieg\u00e9sz\u00edt\u0151k, fedezd fel a Wellosophy term\u00e9keket"}]},{"@type":"WebSite","@id":"https:\/\/anioriteam.hu\/blog\/#website","url":"https:\/\/anioriteam.hu\/blog\/","name":"Oriflame Blog","description":"Fedezd fel az Aniori Team Oriflame blogj\u00e1t! Sz\u00e9ps\u00e9gtippek, term\u00e9kaj\u00e1nl\u00f3k, \u00fajdons\u00e1gok \u00e9s hasznos tan\u00e1csok az Oriflame vil\u00e1g\u00e1b\u00f3l - hiteles forr\u00e1sb\u00f3l  naprak\u00e9szen.","publisher":{"@id":"https:\/\/anioriteam.hu\/blog\/#organization"},"potentialAction":[{"@type":"SearchAction","target":{"@type":"EntryPoint","urlTemplate":"https:\/\/anioriteam.hu\/blog\/?s={search_term_string}"},"query-input":{"@type":"PropertyValueSpecification","valueRequired":true,"valueName":"search_term_string"}}],"inLanguage":"hu"},{"@type":"Organization","@id":"https:\/\/anioriteam.hu\/blog\/#organization","name":"Aniori Team","url":"https:\/\/anioriteam.hu\/blog\/","logo":{"@type":"ImageObject","inLanguage":"hu","@id":"https:\/\/anioriteam.hu\/blog\/#\/schema\/logo\/image\/","url":"https:\/\/anioriteam.hu\/blog\/wp-content\/uploads\/2017\/12\/logo.png","contentUrl":"https:\/\/anioriteam.hu\/blog\/wp-content\/uploads\/2017\/12\/logo.png","width":205,"height":100,"caption":"Aniori Team"},"image":{"@id":"https:\/\/anioriteam.hu\/blog\/#\/schema\/logo\/image\/"},"sameAs":["https:\/\/facebook.com\/aniori","https:\/\/instagram.com\/anioribeauty","https:\/\/pinterest.com\/anioribeauty"]}]}},"_links":{"self":[{"href":"https:\/\/anioriteam.hu\/blog\/wp-json\/wp\/v2\/pages\/3849","targetHints":{"allow":["GET"]}}],"collection":[{"href":"https:\/\/anioriteam.hu\/blog\/wp-json\/wp\/v2\/pages"}],"about":[{"href":"https:\/\/anioriteam.hu\/blog\/wp-json\/wp\/v2\/types\/page"}],"author":[{"embeddable":true,"href":"https:\/\/anioriteam.hu\/blog\/wp-json\/wp\/v2\/users\/1"}],"replies":[{"embeddable":true,"href":"https:\/\/anioriteam.hu\/blog\/wp-json\/wp\/v2\/comments?post=3849"}],"version-history":[{"count":0,"href":"https:\/\/anioriteam.hu\/blog\/wp-json\/wp\/v2\/pages\/3849\/revisions"}],"wp:attachment":[{"href":"https:\/\/anioriteam.hu\/blog\/wp-json\/wp\/v2\/media?parent=3849"}],"curies":[{"name":"wp","href":"https:\/\/api.w.org\/{rel}","templated":true}]}}