{"id":1206,"date":"2025-10-24T15:09:27","date_gmt":"2025-10-24T13:09:27","guid":{"rendered":"https:\/\/anioriteam.hu\/blog\/?page_id=1206"},"modified":"2025-10-24T15:10:27","modified_gmt":"2025-10-24T13:10:27","slug":"oriflame-regisztracio","status":"publish","type":"page","link":"https:\/\/anioriteam.hu\/blog\/oriflame-regisztracio\/","title":{"rendered":"Oriflame regisztr\u00e1ci\u00f3"},"content":{"rendered":"<div dir=\"auto\">\n<p><strong>Oriflame regisztr\u00e1ci\u00f3 <\/strong><\/p>\n<h2><strong>Ingyenes v\u00e1s\u00e1rl\u00f3i regisztr\u00e1ci\u00f3 \u00e9s \u00fczleti lehet\u0151s\u00e9gek 2025<\/strong><\/h2>\n<div id='gallery-1' class='gallery galleryid-1206 gallery-columns-3 gallery-size-thumbnail'><figure class='gallery-item'>\n\t\t\t<div class='gallery-icon landscape'>\n\t\t\t\t<a href='https:\/\/anioriteam.hu\/blog\/oriflame-ajandek-termekek\/ajandek\/'><img loading=\"lazy\" decoding=\"async\" width=\"150\" height=\"150\" src=\"https:\/\/anioriteam.hu\/blog\/wp-content\/uploads\/2018\/11\/ajandek-150x150.jpg\" class=\"attachment-thumbnail size-thumbnail\" alt=\"\" srcset=\"https:\/\/anioriteam.hu\/blog\/wp-content\/uploads\/2018\/11\/ajandek-150x150.jpg 150w, https:\/\/anioriteam.hu\/blog\/wp-content\/uploads\/2018\/11\/ajandek-300x300.jpg 300w, https:\/\/anioriteam.hu\/blog\/wp-content\/uploads\/2018\/11\/ajandek.jpg 650w\" sizes=\"auto, 100vw\" \/><\/a>\n\t\t\t<\/div><\/figure><figure class='gallery-item'>\n\t\t\t<div class='gallery-icon landscape'>\n\t\t\t\t<a href='https:\/\/anioriteam.hu\/blog\/oriflame-klubtagsag\/oriflame-klubtagsag\/'><img loading=\"lazy\" decoding=\"async\" width=\"150\" height=\"150\" src=\"https:\/\/anioriteam.hu\/blog\/wp-content\/uploads\/2018\/06\/oriflame-klubtagsag-150x150.jpg\" class=\"attachment-thumbnail size-thumbnail\" alt=\"Oriflame klubtags\u00e1g\" sizes=\"auto, 100vw\" \/><\/a>\n\t\t\t<\/div><\/figure><figure class='gallery-item'>\n\t\t\t<div class='gallery-icon landscape'>\n\t\t\t\t<a href='https:\/\/anioriteam.hu\/blog\/oriflame-oszi-katalogus\/oriflame-oszi-katalogus-ujdonsagok-c14\/'><img loading=\"lazy\" decoding=\"async\" width=\"150\" height=\"150\" src=\"https:\/\/anioriteam.hu\/blog\/wp-content\/uploads\/2019\/10\/oriflame-oszi-katalogus-ujdonsagok-c14-150x150.jpg\" class=\"attachment-thumbnail size-thumbnail\" alt=\"oriflame \u0151szi katal\u00f3gus\" srcset=\"https:\/\/anioriteam.hu\/blog\/wp-content\/uploads\/2019\/10\/oriflame-oszi-katalogus-ujdonsagok-c14-150x150.jpg 150w, https:\/\/anioriteam.hu\/blog\/wp-content\/uploads\/2019\/10\/oriflame-oszi-katalogus-ujdonsagok-c14-100x100.jpg 100w\" sizes=\"auto, 100vw\" \/><\/a>\n\t\t\t<\/div><\/figure>\n\t\t<\/div>\n\n<\/div>\n<h3 style=\"padding-left: 40px;\"><strong>Mit jelent az Oriflame-n\u00e9l regisztr\u00e1lni?<\/strong><\/h3>\n<div dir=\"auto\" style=\"padding-left: 40px;\">\n<ul>\n<li style=\"list-style-type: none;\">\n<ul style=\"list-style-type: none; padding: 0;\">\n<li style=\"margin-bottom: 15px; text-align: justify;\"><strong><em style=\"color: #339966;\">K\u00e9nyelmes rendel\u00e9s:<\/em><\/strong><br \/>\nSaj\u00e1t magad k\u00e9nyelmesen, azonnal rendelhetsz, nem kell v\u00e1rni senkire. Egy-k\u00e9t napon bel\u00fcl megkapod a term\u00e9keket.<\/li>\n<li style=\"margin-bottom: 15px; text-align: justify;\"><strong><em style=\"color: #339966;\">Azonnali kedvezm\u00e9nyek:<\/em><\/strong><br \/>\nV\u00e1s\u00e1rl\u00f3k\u00e9nt 15% kedvezm\u00e9nyt kapsz minden rendel\u00e9sb\u0151l, az els\u0151 rendel\u00e9sedhez pedig tov\u00e1bbi 15% \u00fcdv\u00f6zl\u0151 kedvezm\u00e9nyt. Ehhez a regisztr\u00e1ci\u00f3 ingyenes.<\/li>\n<li style=\"margin-bottom: 15px; text-align: justify;\"><strong><em style=\"color: #339966;\">Nincs \u00e1lland\u00f3 k\u00f6telezetts\u00e9g:<\/em><\/strong><br \/>\nV\u00e1s\u00e1rl\u00f3k\u00e9nt nincs \u00e1lland\u00f3 rendel\u00e9si k\u00f6telezetts\u00e9g.<\/li>\n<li style=\"margin-bottom: 15px; text-align: justify;\"><strong><em style=\"color: #339966;\">Nemzetk\u00f6zi regisztr\u00e1ci\u00f3:<\/em><\/strong><br \/>\nB\u00e1rhol a vil\u00e1gon, ahol az Oriflame m\u0171k\u00f6dik, regisztr\u00e1lhatsz \u00e9s v\u00e1s\u00e1rolhatsz.<\/li>\n<li style=\"margin-bottom: 15px; text-align: justify;\"><strong><em style=\"color: #339966;\">Online rendel\u00e9s:<\/em><\/strong><br \/>\nA regisztr\u00e1ci\u00f3 ut\u00e1n saj\u00e1t k\u00f3ddal \u00e9s jelsz\u00f3val rendelhetsz online. Az applik\u00e1ci\u00f3val is lehet rendelni, \u00e9s h\u00e1rom hetes katal\u00f3gus id\u0151szakok vannak, amelyek utols\u00f3 napj\u00e1n 22 \u00f3r\u00e1ig lehet rendel\u00e9st leadni.<\/li>\n<li style=\"margin-bottom: 15px; text-align: justify;\"><strong><em style=\"color: #339966;\">Tags\u00e1g \u00e9s partneri lehet\u0151s\u00e9gek:<\/em><\/strong><br \/>\nHa k\u00e9s\u0151bb Brand partnerk\u00e9nt szeretn\u00e9l dolgozni, a regisztr\u00e1ci\u00f3 ingyenes, de a partneri st\u00e1tusz minim\u00e1lis k\u00f6lts\u00e9ggel j\u00e1r. Az egy\u00fcttm\u0171k\u00f6d\u00e9st online, p\u00e9ld\u00e1ul Instagramon vagy Facebookon is v\u00e9gezheted. A keresett \u00f6sszeget az Oriflame virtu\u00e1lis p\u00e9nzt\u00e1rc\u00e1j\u00e1ban \u00edrj\u00e1k j\u00f3v\u00e1, v\u00e1llalkoz\u00f3i enged\u00e9ly nem sz\u00fcks\u00e9ges hozz\u00e1.<\/li>\n<li style=\"margin-bottom: 15px; text-align: justify;\"><strong><em style=\"color: #339966;\">Regisztr\u00e1ci\u00f3 \u00e9s rendel\u00e9s:<\/em><\/strong><br \/>\n\u00c9rdemes regisztr\u00e1lni, ha rendelni szeretn\u00e9l. Az els\u0151 rendel\u00e9st k\u00f6vet\u0151en tov\u00e1bbi rendel\u00e9seidet az Oriflame online katal\u00f3gus\u00e1b\u00f3l tudod azonnal megrendelni, \u00e9s el\u0151z\u0151 rendel\u00e9seidn\u00e9l az online p\u00e9nzt\u00e1rc\u00e1dba j\u00f3v\u00e1\u00edrt \u00f6sszegeket le tudod v\u00e1s\u00e1rolni.<\/li>\n<li>\n<hr \/>\n<\/li>\n<\/ul>\n<\/li>\n<\/ul>\n<\/div>\n<h3 style=\"text-align: center; padding-left: 40px;\">Regisztr\u00e1lj most ingyenesen, tedd a kos\u00e1rba kedvenc term\u00e9keidet \u00e9s \u00e9lvezd a kedvezm\u00e9nyeket rendel\u00e9s led\u00e1sain\u00e1l:<\/h3>\n<div style=\"text-align: center; margin: 20px 0;\"><a style=\"display: inline-block; padding: 12px 24px; background-color: #339966; color: white; font-size: 16px; font-weight: bold; text-align: center; text-decoration: none; border-radius: 5px; margin: 10px 0;\" href=\"https:\/\/hu.oriflame.com\/?store=HU-anioribeauty\" target=\"_blank\" rel=\"noopener\">Ir\u00e1ny a rendel\u00e9si fel\u00fclet<\/a><\/div>\n<h3 style=\"text-align: center;\">Regisztr\u00e1lj partnerk\u00e9nt itt:<\/h3>\n<div style=\"text-align: center; margin: 20px 0;\"><a style=\"display: inline-block; padding: 12px 24px; background-color: #339966; color: white; font-size: 16px; font-weight: bold; text-align: center; text-decoration: none; border-radius: 5px; margin: 10px 0;\" href=\"https:\/\/hu.oriflame.com\/business-opportunity?store=anioribeauty\" target=\"_blank\" rel=\"noopener\">Brand Partner leszek<\/a><\/div>\n<div dir=\"auto\" style=\"text-align: center;\">\n<p>Ha b\u00e1rmilyen k\u00e9rd\u00e9sed van, ne k\u00e9slekedj kapcsolatba l\u00e9pni velem!<\/p>\n<p>K\u00e9szen \u00e1llok arra, hogy seg\u00edtsek \u00e9s biztos\u00edtsam, hogy v\u00e1s\u00e1rl\u00e1sod z\u00f6kken\u0151mentes legyen!<\/p>\n<div dir=\"auto\"><strong>K\u00e9rd\u00e9sed van? <\/strong><\/div>\n<div dir=\"auto\">Vedd fel velem a kapcsolatot<\/div>\n<div dir=\"auto\">\u21d2 <a href=\"https:\/\/anioriteam.hu\/blog\/kapcsolat-oriflame\/\" target=\"_blank\" rel=\"noopener\">Gyura Anik\u00f3 Aniori-Team Oriflame Brand Partner<\/a><\/div>\n<div dir=\"auto\"><\/div>\n<p>Az Oriflame regisztr\u00e1ci\u00f3val sok el\u0151nyt \u00e9s lehet\u0151s\u00e9get kaphatsz!<\/p>\n<\/div>\n<div dir=\"auto\" style=\"text-align: center;\"><img loading=\"lazy\" decoding=\"async\" class=\"aligncenter wp-image-1481 size-large\" src=\"https:\/\/anioriteam.hu\/blog\/wp-content\/uploads\/2019\/09\/oriflame-regisztracio-1024x576.jpg\" alt=\"oriflame regisztr\u00e1ci\u00f3\" width=\"525\" height=\"295\" srcset=\"https:\/\/anioriteam.hu\/blog\/wp-content\/uploads\/2019\/09\/oriflame-regisztracio-1024x576.jpg 1024w, https:\/\/anioriteam.hu\/blog\/wp-content\/uploads\/2019\/09\/oriflame-regisztracio-300x169.jpg 300w, https:\/\/anioriteam.hu\/blog\/wp-content\/uploads\/2019\/09\/oriflame-regisztracio-768x432.jpg 768w, https:\/\/anioriteam.hu\/blog\/wp-content\/uploads\/2019\/09\/oriflame-regisztracio.jpg 1280w\" sizes=\"auto, (max-width: 525px) 100vw, 525px\" \/><\/div>\n<hr \/>\n<h3 style=\"text-align: center;\">Tov\u00e1bbi inform\u00e1ci\u00f3:<\/h3>\n<div style=\"text-align: center; margin: 20px 0;\"><a style=\"display: inline-block; padding: 12px 24px; background-color: #339966; color: white; font-size: 16px; font-weight: bold; text-align: center; text-decoration: none; border-radius: 5px; margin: 10px 0;\" href=\"https:\/\/anioriteam.hu\/blog\/oriflame-regisztracio-c4\/\" target=\"_blank\" rel=\"noopener\">M\u00e9g t\u00f6bb inform\u00e1ci\u00f3<\/a><\/div>\n","protected":false},"excerpt":{"rendered":"<p>Oriflame regisztr\u00e1ci\u00f3 Ingyenes v\u00e1s\u00e1rl\u00f3i regisztr\u00e1ci\u00f3 \u00e9s \u00fczleti lehet\u0151s\u00e9gek 2025 Mit jelent az Oriflame-n\u00e9l regisztr\u00e1lni? K\u00e9nyelmes rendel\u00e9s: Saj\u00e1t magad k\u00e9nyelmesen, azonnal rendelhetsz, nem kell v\u00e1rni senkire. Egy-k\u00e9t napon bel\u00fcl megkapod a term\u00e9keket. Azonnali kedvezm\u00e9nyek: V\u00e1s\u00e1rl\u00f3k\u00e9nt 15% kedvezm\u00e9nyt kapsz minden rendel\u00e9sb\u0151l, az els\u0151 rendel\u00e9sedhez pedig tov\u00e1bbi 15% \u00fcdv\u00f6zl\u0151 kedvezm\u00e9nyt. Ehhez a regisztr\u00e1ci\u00f3 ingyenes. Nincs \u00e1lland\u00f3 k\u00f6telezetts\u00e9g: V\u00e1s\u00e1rl\u00f3k\u00e9nt &hellip; <\/p>\n<p class=\"link-more\"><a href=\"https:\/\/anioriteam.hu\/blog\/oriflame-regisztracio\/\" class=\"more-link\"><span class=\"screen-reader-text\">&#8222;Oriflame regisztr\u00e1ci\u00f3&#8221;<\/span> b\u0151vebben<\/a><\/p>\n","protected":false},"author":1,"featured_media":0,"parent":0,"menu_order":0,"comment_status":"closed","ping_status":"closed","template":"","meta":{"footnotes":""},"class_list":["post-1206","page","type-page","status-publish","hentry"],"yoast_head":"<!-- This site is optimized with the Yoast SEO plugin v27.4 - https:\/\/yoast.com\/product\/yoast-seo-wordpress\/ -->\n<title>Oriflame regisztr\u00e1ci\u00f3 - Oriflame Blog - anioriteam.hu - sz\u00e9ps\u00e9g, inspir\u00e1ci\u00f3 \u00e9s tan\u00e1csok - Regisztr\u00e1lj itt!<\/title>\n<meta name=\"description\" content=\"Oriflame regisztr\u00e1ci\u00f3 = Ingyenes v\u00e1s\u00e1rl\u00f3i regisztr\u00e1ci\u00f3 \u00e9s \u00fczleti lehet\u0151s\u00e9gek 2025-ben is, Regisztr\u00e1lj most ingyenesen, \u00e9lvezd az el\u0151ny\u00f6ket!\" \/>\n<meta name=\"robots\" content=\"index, follow, max-snippet:-1, max-image-preview:large, max-video-preview:-1\" \/>\n<link rel=\"canonical\" href=\"https:\/\/anioriteam.hu\/blog\/oriflame-regisztracio\/\" \/>\n<meta property=\"og:locale\" content=\"hu_HU\" \/>\n<meta property=\"og:type\" content=\"article\" \/>\n<meta property=\"og:title\" content=\"Oriflame regisztr\u00e1ci\u00f3 - Oriflame Blog - anioriteam.hu - sz\u00e9ps\u00e9g, inspir\u00e1ci\u00f3 \u00e9s tan\u00e1csok - Regisztr\u00e1lj itt!\" \/>\n<meta property=\"og:description\" content=\"Oriflame regisztr\u00e1ci\u00f3 = Ingyenes v\u00e1s\u00e1rl\u00f3i regisztr\u00e1ci\u00f3 \u00e9s \u00fczleti lehet\u0151s\u00e9gek 2025-ben is, Regisztr\u00e1lj most ingyenesen, \u00e9lvezd az el\u0151ny\u00f6ket!\" \/>\n<meta property=\"og:url\" content=\"https:\/\/anioriteam.hu\/blog\/oriflame-regisztracio\/\" \/>\n<meta property=\"og:site_name\" content=\"Oriflame Blog - anioriteam.hu - sz\u00e9ps\u00e9g, inspir\u00e1ci\u00f3 \u00e9s tan\u00e1csok\" \/>\n<meta property=\"article:publisher\" content=\"https:\/\/facebook.com\/aniori\" \/>\n<meta property=\"article:modified_time\" content=\"2025-10-24T13:10:27+00:00\" \/>\n<meta property=\"og:image\" content=\"https:\/\/anioriteam.hu\/blog\/wp-content\/uploads\/2019\/09\/oriflame-regisztracio.jpg\" \/>\n\t<meta property=\"og:image:width\" content=\"1280\" \/>\n\t<meta property=\"og:image:height\" content=\"720\" \/>\n\t<meta property=\"og:image:type\" content=\"image\/jpeg\" \/>\n<meta name=\"twitter:card\" content=\"summary_large_image\" \/>\n<meta name=\"twitter:image\" content=\"https:\/\/anioriteam.hu\/blog\/wp-content\/uploads\/2019\/09\/oriflame-regisztracio.jpg\" \/>\n<meta name=\"twitter:label1\" content=\"Becs\u00fclt olvas\u00e1si id\u0151\" \/>\n\t<meta name=\"twitter:data1\" content=\"2 perc\" \/>\n<script type=\"application\/ld+json\" class=\"yoast-schema-graph\">{\"@context\":\"https:\\\/\\\/schema.org\",\"@graph\":[{\"@type\":\"WebPage\",\"@id\":\"https:\\\/\\\/anioriteam.hu\\\/blog\\\/oriflame-regisztracio\\\/\",\"url\":\"https:\\\/\\\/anioriteam.hu\\\/blog\\\/oriflame-regisztracio\\\/\",\"name\":\"Oriflame regisztr\u00e1ci\u00f3 - Oriflame Blog - anioriteam.hu - sz\u00e9ps\u00e9g, inspir\u00e1ci\u00f3 \u00e9s tan\u00e1csok - Regisztr\u00e1lj itt!\",\"isPartOf\":{\"@id\":\"https:\\\/\\\/anioriteam.hu\\\/blog\\\/#website\"},\"primaryImageOfPage\":{\"@id\":\"https:\\\/\\\/anioriteam.hu\\\/blog\\\/oriflame-regisztracio\\\/#primaryimage\"},\"image\":{\"@id\":\"https:\\\/\\\/anioriteam.hu\\\/blog\\\/oriflame-regisztracio\\\/#primaryimage\"},\"thumbnailUrl\":\"https:\\\/\\\/anioriteam.hu\\\/blog\\\/wp-content\\\/uploads\\\/2019\\\/09\\\/oriflame-regisztracio-1024x576.jpg\",\"datePublished\":\"2025-10-24T13:09:27+00:00\",\"dateModified\":\"2025-10-24T13:10:27+00:00\",\"description\":\"Oriflame regisztr\u00e1ci\u00f3 = Ingyenes v\u00e1s\u00e1rl\u00f3i regisztr\u00e1ci\u00f3 \u00e9s \u00fczleti lehet\u0151s\u00e9gek 2025-ben is, Regisztr\u00e1lj most ingyenesen, \u00e9lvezd az el\u0151ny\u00f6ket!\",\"breadcrumb\":{\"@id\":\"https:\\\/\\\/anioriteam.hu\\\/blog\\\/oriflame-regisztracio\\\/#breadcrumb\"},\"inLanguage\":\"hu\",\"potentialAction\":[{\"@type\":\"ReadAction\",\"target\":[\"https:\\\/\\\/anioriteam.hu\\\/blog\\\/oriflame-regisztracio\\\/\"]}]},{\"@type\":\"ImageObject\",\"inLanguage\":\"hu\",\"@id\":\"https:\\\/\\\/anioriteam.hu\\\/blog\\\/oriflame-regisztracio\\\/#primaryimage\",\"url\":\"https:\\\/\\\/anioriteam.hu\\\/blog\\\/wp-content\\\/uploads\\\/2019\\\/09\\\/oriflame-regisztracio.jpg\",\"contentUrl\":\"https:\\\/\\\/anioriteam.hu\\\/blog\\\/wp-content\\\/uploads\\\/2019\\\/09\\\/oriflame-regisztracio.jpg\",\"width\":1280,\"height\":720,\"caption\":\"oriflame regisztr\u00e1ci\u00f3\"},{\"@type\":\"BreadcrumbList\",\"@id\":\"https:\\\/\\\/anioriteam.hu\\\/blog\\\/oriflame-regisztracio\\\/#breadcrumb\",\"itemListElement\":[{\"@type\":\"ListItem\",\"position\":1,\"name\":\"Home\",\"item\":\"https:\\\/\\\/anioriteam.hu\\\/blog\\\/\"},{\"@type\":\"ListItem\",\"position\":2,\"name\":\"Oriflame regisztr\u00e1ci\u00f3\"}]},{\"@type\":\"WebSite\",\"@id\":\"https:\\\/\\\/anioriteam.hu\\\/blog\\\/#website\",\"url\":\"https:\\\/\\\/anioriteam.hu\\\/blog\\\/\",\"name\":\"Oriflame Blog\",\"description\":\"Fedezd fel az Aniori Team Oriflame blogj\u00e1t! Sz\u00e9ps\u00e9gtippek, term\u00e9kaj\u00e1nl\u00f3k, \u00fajdons\u00e1gok \u00e9s hasznos tan\u00e1csok az Oriflame vil\u00e1g\u00e1b\u00f3l - hiteles forr\u00e1sb\u00f3l  naprak\u00e9szen.\",\"publisher\":{\"@id\":\"https:\\\/\\\/anioriteam.hu\\\/blog\\\/#organization\"},\"potentialAction\":[{\"@type\":\"SearchAction\",\"target\":{\"@type\":\"EntryPoint\",\"urlTemplate\":\"https:\\\/\\\/anioriteam.hu\\\/blog\\\/?s={search_term_string}\"},\"query-input\":{\"@type\":\"PropertyValueSpecification\",\"valueRequired\":true,\"valueName\":\"search_term_string\"}}],\"inLanguage\":\"hu\"},{\"@type\":\"Organization\",\"@id\":\"https:\\\/\\\/anioriteam.hu\\\/blog\\\/#organization\",\"name\":\"Aniori Team\",\"url\":\"https:\\\/\\\/anioriteam.hu\\\/blog\\\/\",\"logo\":{\"@type\":\"ImageObject\",\"inLanguage\":\"hu\",\"@id\":\"https:\\\/\\\/anioriteam.hu\\\/blog\\\/#\\\/schema\\\/logo\\\/image\\\/\",\"url\":\"https:\\\/\\\/anioriteam.hu\\\/blog\\\/wp-content\\\/uploads\\\/2017\\\/12\\\/logo.png\",\"contentUrl\":\"https:\\\/\\\/anioriteam.hu\\\/blog\\\/wp-content\\\/uploads\\\/2017\\\/12\\\/logo.png\",\"width\":205,\"height\":100,\"caption\":\"Aniori Team\"},\"image\":{\"@id\":\"https:\\\/\\\/anioriteam.hu\\\/blog\\\/#\\\/schema\\\/logo\\\/image\\\/\"},\"sameAs\":[\"https:\\\/\\\/facebook.com\\\/aniori\",\"https:\\\/\\\/instagram.com\\\/anioribeauty\",\"https:\\\/\\\/pinterest.com\\\/anioribeauty\"]}]}<\/script>\n<!-- \/ Yoast SEO plugin. -->","yoast_head_json":{"title":"Oriflame regisztr\u00e1ci\u00f3 - Oriflame Blog - anioriteam.hu - sz\u00e9ps\u00e9g, inspir\u00e1ci\u00f3 \u00e9s tan\u00e1csok - Regisztr\u00e1lj itt!","description":"Oriflame regisztr\u00e1ci\u00f3 = Ingyenes v\u00e1s\u00e1rl\u00f3i regisztr\u00e1ci\u00f3 \u00e9s \u00fczleti lehet\u0151s\u00e9gek 2025-ben is, Regisztr\u00e1lj most ingyenesen, \u00e9lvezd az el\u0151ny\u00f6ket!","robots":{"index":"index","follow":"follow","max-snippet":"max-snippet:-1","max-image-preview":"max-image-preview:large","max-video-preview":"max-video-preview:-1"},"canonical":"https:\/\/anioriteam.hu\/blog\/oriflame-regisztracio\/","og_locale":"hu_HU","og_type":"article","og_title":"Oriflame regisztr\u00e1ci\u00f3 - Oriflame Blog - anioriteam.hu - sz\u00e9ps\u00e9g, inspir\u00e1ci\u00f3 \u00e9s tan\u00e1csok - Regisztr\u00e1lj itt!","og_description":"Oriflame regisztr\u00e1ci\u00f3 = Ingyenes v\u00e1s\u00e1rl\u00f3i regisztr\u00e1ci\u00f3 \u00e9s \u00fczleti lehet\u0151s\u00e9gek 2025-ben is, Regisztr\u00e1lj most ingyenesen, \u00e9lvezd az el\u0151ny\u00f6ket!","og_url":"https:\/\/anioriteam.hu\/blog\/oriflame-regisztracio\/","og_site_name":"Oriflame Blog - anioriteam.hu - sz\u00e9ps\u00e9g, inspir\u00e1ci\u00f3 \u00e9s tan\u00e1csok","article_publisher":"https:\/\/facebook.com\/aniori","article_modified_time":"2025-10-24T13:10:27+00:00","og_image":[{"width":1280,"height":720,"url":"https:\/\/anioriteam.hu\/blog\/wp-content\/uploads\/2019\/09\/oriflame-regisztracio.jpg","type":"image\/jpeg"}],"twitter_card":"summary_large_image","twitter_image":"https:\/\/anioriteam.hu\/blog\/wp-content\/uploads\/2019\/09\/oriflame-regisztracio.jpg","twitter_misc":{"Becs\u00fclt olvas\u00e1si id\u0151":"2 perc"},"schema":{"@context":"https:\/\/schema.org","@graph":[{"@type":"WebPage","@id":"https:\/\/anioriteam.hu\/blog\/oriflame-regisztracio\/","url":"https:\/\/anioriteam.hu\/blog\/oriflame-regisztracio\/","name":"Oriflame regisztr\u00e1ci\u00f3 - Oriflame Blog - anioriteam.hu - sz\u00e9ps\u00e9g, inspir\u00e1ci\u00f3 \u00e9s tan\u00e1csok - Regisztr\u00e1lj itt!","isPartOf":{"@id":"https:\/\/anioriteam.hu\/blog\/#website"},"primaryImageOfPage":{"@id":"https:\/\/anioriteam.hu\/blog\/oriflame-regisztracio\/#primaryimage"},"image":{"@id":"https:\/\/anioriteam.hu\/blog\/oriflame-regisztracio\/#primaryimage"},"thumbnailUrl":"https:\/\/anioriteam.hu\/blog\/wp-content\/uploads\/2019\/09\/oriflame-regisztracio-1024x576.jpg","datePublished":"2025-10-24T13:09:27+00:00","dateModified":"2025-10-24T13:10:27+00:00","description":"Oriflame regisztr\u00e1ci\u00f3 = Ingyenes v\u00e1s\u00e1rl\u00f3i regisztr\u00e1ci\u00f3 \u00e9s \u00fczleti lehet\u0151s\u00e9gek 2025-ben is, Regisztr\u00e1lj most ingyenesen, \u00e9lvezd az el\u0151ny\u00f6ket!","breadcrumb":{"@id":"https:\/\/anioriteam.hu\/blog\/oriflame-regisztracio\/#breadcrumb"},"inLanguage":"hu","potentialAction":[{"@type":"ReadAction","target":["https:\/\/anioriteam.hu\/blog\/oriflame-regisztracio\/"]}]},{"@type":"ImageObject","inLanguage":"hu","@id":"https:\/\/anioriteam.hu\/blog\/oriflame-regisztracio\/#primaryimage","url":"https:\/\/anioriteam.hu\/blog\/wp-content\/uploads\/2019\/09\/oriflame-regisztracio.jpg","contentUrl":"https:\/\/anioriteam.hu\/blog\/wp-content\/uploads\/2019\/09\/oriflame-regisztracio.jpg","width":1280,"height":720,"caption":"oriflame regisztr\u00e1ci\u00f3"},{"@type":"BreadcrumbList","@id":"https:\/\/anioriteam.hu\/blog\/oriflame-regisztracio\/#breadcrumb","itemListElement":[{"@type":"ListItem","position":1,"name":"Home","item":"https:\/\/anioriteam.hu\/blog\/"},{"@type":"ListItem","position":2,"name":"Oriflame regisztr\u00e1ci\u00f3"}]},{"@type":"WebSite","@id":"https:\/\/anioriteam.hu\/blog\/#website","url":"https:\/\/anioriteam.hu\/blog\/","name":"Oriflame Blog","description":"Fedezd fel az Aniori Team Oriflame blogj\u00e1t! Sz\u00e9ps\u00e9gtippek, term\u00e9kaj\u00e1nl\u00f3k, \u00fajdons\u00e1gok \u00e9s hasznos tan\u00e1csok az Oriflame vil\u00e1g\u00e1b\u00f3l - hiteles forr\u00e1sb\u00f3l  naprak\u00e9szen.","publisher":{"@id":"https:\/\/anioriteam.hu\/blog\/#organization"},"potentialAction":[{"@type":"SearchAction","target":{"@type":"EntryPoint","urlTemplate":"https:\/\/anioriteam.hu\/blog\/?s={search_term_string}"},"query-input":{"@type":"PropertyValueSpecification","valueRequired":true,"valueName":"search_term_string"}}],"inLanguage":"hu"},{"@type":"Organization","@id":"https:\/\/anioriteam.hu\/blog\/#organization","name":"Aniori Team","url":"https:\/\/anioriteam.hu\/blog\/","logo":{"@type":"ImageObject","inLanguage":"hu","@id":"https:\/\/anioriteam.hu\/blog\/#\/schema\/logo\/image\/","url":"https:\/\/anioriteam.hu\/blog\/wp-content\/uploads\/2017\/12\/logo.png","contentUrl":"https:\/\/anioriteam.hu\/blog\/wp-content\/uploads\/2017\/12\/logo.png","width":205,"height":100,"caption":"Aniori Team"},"image":{"@id":"https:\/\/anioriteam.hu\/blog\/#\/schema\/logo\/image\/"},"sameAs":["https:\/\/facebook.com\/aniori","https:\/\/instagram.com\/anioribeauty","https:\/\/pinterest.com\/anioribeauty"]}]}},"_links":{"self":[{"href":"https:\/\/anioriteam.hu\/blog\/wp-json\/wp\/v2\/pages\/1206","targetHints":{"allow":["GET"]}}],"collection":[{"href":"https:\/\/anioriteam.hu\/blog\/wp-json\/wp\/v2\/pages"}],"about":[{"href":"https:\/\/anioriteam.hu\/blog\/wp-json\/wp\/v2\/types\/page"}],"author":[{"embeddable":true,"href":"https:\/\/anioriteam.hu\/blog\/wp-json\/wp\/v2\/users\/1"}],"replies":[{"embeddable":true,"href":"https:\/\/anioriteam.hu\/blog\/wp-json\/wp\/v2\/comments?post=1206"}],"version-history":[{"count":0,"href":"https:\/\/anioriteam.hu\/blog\/wp-json\/wp\/v2\/pages\/1206\/revisions"}],"wp:attachment":[{"href":"https:\/\/anioriteam.hu\/blog\/wp-json\/wp\/v2\/media?parent=1206"}],"curies":[{"name":"wp","href":"https:\/\/api.w.org\/{rel}","templated":true}]}}